e -4391 = -o*j - 2*r + 4*r, -r = 5*j - 4382. Is j composite?
False
Let w(m) = -23*m**3 + 128*m**2 - 29*m + 439. Is w(-33) prime?
False
Let f = 207 - 207. Suppose f = t - 4426 - 1389. Is t prime?
False
Let a(o) = -3*o - 28. Let i be a(-8). Let b be -5 - (-395)/20 - 1/i. Suppose r - 92 = -b. Is r a prime number?
False
Let v(d) = 1334678*d**3 - 2*d**2 + 2*d + 3. Is v(1) a composite number?
False
Suppose 8*b - 20 = 20. Suppose -2*o + 9 = 4*g - g, -15 = -b*g - 3*o. Suppose 2*h - h = -2*q + 221, g*h - q - 635 = 0. Is h prime?
False
Suppose -18667 - 19477 = -8*y. Suppose -6*k - 3*l = -k - y, -4*k + l + 3811 = 0. Is k composite?
False
Suppose 10759 = 3*h + 5*c, 0 = h - 2*c - 0*c - 3590. Suppose -7*n + 4*n = -h. Suppose -5*s + 7981 - n = 0. Is s composite?
True
Let n = -235 - -239. Suppose o = 5*d + 49948, -4*o - n*d + 2*d + 199858 = 0. Is o a prime number?
False
Let i be (-3)/((14 - 13)/(0 - 1)). Suppose 8713 = 4*r - 5*s, i*r + s + 2178 = 4*r. Let o = 3834 - r. Is o a composite number?
False
Suppose -20*t - 17210 = -30*t. Is t a composite number?
False
Let c(a) = a**2 + 9*a + 10. Let j be c(-8). Suppose j*s + 3652 = 4*s. Suppose 0 = u + 5, 2*u + s = 3*w + 193. Is w a prime number?
True
Let a(g) = -5*g**2 + 2*g + 12. Let w(s) = -6*s**2 + 2*s + 14. Let h(n) = -5*a(n) + 4*w(n). Let v be h(4). Suppose -10 = 2*j, -i - 5*j + 460 = v*i. Is i prime?
True
Let t be ((5 + 0 - -1) + -8)*-1. Is (-31 - -704)*(1 + -2 + t) prime?
True
Let t be (23/(-42) - (-6)/(-21))*-6. Suppose w + 3*w - 6859 = -s, -4*s - 8558 = -t*w. Suppose 12*l - w - 1298 = 0. Is l a prime number?
True
Let t = 134 + -132. Suppose t*o = -13*o - 135. Let g(v) = -2*v**3 - 10*v**2 + 23*v + 8. Is g(o) a composite number?
False
Is (10/(-25))/((-36)/5871330) a composite number?
True
Let k be 30/4 - -7 - (-6)/(-4). Is 2381*k - (-30 - -37) composite?
True
Let j be (-3)/((0 + 36/(-6))/4562). Let s = j - -3358. Is s composite?
False
Suppose -a = 2*n - 39411, -23*n = -a - 20*n + 39406. Is a prime?
True
Suppose -5*k + k - 5*i = 57, 5*k = -2*i - 50. Let f be 4/(k/(-6)) - (-2 + 3). Is 0 - 211/f*-2 prime?
True
Suppose 1770513 = 4*k - u, -2*k + 885244 = -9*u + 11*u. Suppose 34*y = 114055 + k. Is y composite?
True
Let r = 14676 - 1273. Is r composite?
True
Suppose 5*k - k + 308 = 0. Let a = k - -110. Is a a prime number?
False
Let d(a) = -438008*a + 425. Is d(-1) prime?
False
Suppose 5*j = -2*n + 56668, 141751 = n + 4*n - j. Is n composite?
False
Let j(z) = 2*z - 3. Let s be j(4). Let c(k) = 2*k**3 - 9*k**2 - k. Let o(p) = -p**3 + p**2 - 2*p + 1. Let f(i) = -c(i) - 3*o(i). Is f(s) a prime number?
True
Let f be (2 - 7/4)*-2428. Let g = f - -2277. Is ((-2)/4)/((-5)/g) a composite number?
False
Is (-18 - 4761751/(-68))/(1/4) prime?
True
Suppose x - 1 = 0, 0 = -4*r + x - 17 - 84. Is ((-224427)/(-6))/(-7)*50/r composite?
False
Let d be (-14)/8*(-12 + 4). Suppose v + d = 2*l - 2*v, -3*l = 3*v - 6. Suppose 0*k + k + b - 415 = 0, 0 = -l*b - 16. Is k a composite number?
False
Let p(x) = 5*x + 97. Let u be p(-19). Suppose -3*v + 1071 = n - v, 2144 = u*n + 5*v. Is n a prime number?
False
Is (4*1626/(-96))/(0 - 1/3988) prime?
False
Suppose 55 - 7 = 6*x. Let i be 1198 + 15/(x + -5). Suppose -2*t + 4*w + 3010 = 0, 4*t = -2*w - i + 7253. Is t a composite number?
False
Let w = 5098 - -372069. Is w prime?
False
Let u(k) = -86*k**3 - 230*k**2 - 7*k + 1. Is u(-10) a composite number?
True
Let h be 522/145*20/(-6). Let v be h/18 - 380/6. Let c = 55 - v. Is c a composite number?
True
Is 3/15 - 6326216/(-295) a composite number?
True
Suppose -2*w - 12 = 4*u + 2, -4*u - 19 = -3*w. Let z be -1 + 3 + u + 164. Is z + (-10)/(-5) + -3 a prime number?
False
Suppose 5*f - 2342 - 8976 = -4*x, -2*x + 9058 = 4*f. Suppose -l - 5*q = -f, l + 5*q = 6*l - 11360. Is l composite?
True
Suppose 5*b + 4*g = 120, -2*b + 4*g + 25 = -23. Suppose -x - 19 = -b. Is ((-2)/(-10) - x/25) + 955 composite?
True
Let y = 470 + 87. Let h = y - 382. Let i = 462 - h. Is i prime?
False
Let l = 982344 + -274433. Is l a prime number?
True
Suppose 0 = 216*w - 231*w + 1255230. Let l = w + -39247. Is l a composite number?
True
Suppose -25*s - 17*s + 42805675 = -17*s. Is s composite?
True
Let t be (-3)/12 - (0 + 42/(-8)). Suppose 5*a + 24551 = t*b + 7*a, 3*b + 5*a - 14742 = 0. Is b a composite number?
False
Let p = 138092 + 45311. Is p prime?
False
Is ((-2)/(-8))/((-25)/(-3211700)) prime?
True
Let w be 3916421/58 + (-18)/4. Suppose 16*f - 242448 = w. Is f a composite number?
False
Let p be 1/(10/8)*85/34. Suppose -p*a - 14 = -3*x, x + 2*x + 3*a + 6 = 0. Suppose 0 = -3*i + m + 2669, -4*m - 4 = -x*m. Is i a composite number?
True
Let d be (-5 - ((-57)/12 + 4))*-8. Suppose h + 20823 = d*h. Is h a composite number?
False
Let t(o) = -784956*o + 370. Is t(-1) prime?
False
Let q(d) = 16*d - 141. Let t be q(14). Suppose -t*j + 484198 = -57*j. Is j a prime number?
False
Let y(q) = 1064*q - 11. Let h be y(1). Let c(t) = -46*t - 6. Let w be c(8). Let z = h + w. Is z prime?
False
Let p be (-2)/9 + 1085/63 + 3. Suppose -5*r = -5*b + 1305, 0 = r + 3*r + p. Suppose 4*u - b - 684 = 0. Is u composite?
True
Let n = -71713 - -943232. Is n a composite number?
True
Suppose -32*n + 5 = 5. Let d(g) = -2*g**2 + g + 691. Is d(n) prime?
True
Suppose 5*s + 7*y - 70715 = 0, 7*y + 70715 = 5*s + 12*y. Is s composite?
False
Let c = 5523 + -3287. Suppose 10*f + 6728 = -3*y + 5*f, -y - c = 5*f. Let z = y - -3607. Is z a composite number?
False
Let q = 12721 - 3630. Is q composite?
False
Suppose -73850796 = -8*m - 676*m. Is m a composite number?
True
Suppose -2*c + 3*f + 56920 = 0, -152*f = 2*c - 157*f - 56932. Is c composite?
True
Let t = 249 + -241. Suppose 5*j - 34190 = -5*g + t*j, -20543 = -3*g - 4*j. Is g a prime number?
True
Let m = 24 + -23. Let k(a) = -1159*a**3 - a + 1. Let j be k(m). Let i = -486 - j. Is i prime?
True
Suppose 66*w + 20 = 46*w. Let v(h) = -2720*h - 37. Is v(w) a composite number?
False
Let q(m) = -2*m**3 - 6*m**2 - 2*m + 9. Let v(f) = f + 1. Let c(k) = -q(k) + 3*v(k). Suppose 10*x - 55 = -5. Is c(x) composite?
False
Let p = -14 + 19. Suppose 39 = p*m + s - 11, -2*m - s = -17. Suppose -15*x + 284 = -m*x. Is x a prime number?
True
Suppose 0 = 2*a - 2*x - 58132, -5*a + 32*x + 145303 = 36*x. Is a composite?
False
Let f = -67 - -76. Suppose 0 = 8*m - f*m + 1973. Is m composite?
False
Let y = 203 + -205. Let n(t) = 1610*t**2 - 7*t - 5. Is n(y) a composite number?
False
Let l be (5 - 950148/(-81)) + (-2)/9. Suppose 0 = 3*b + 12, 6*g - g + 5*b - l = 0. Is g prime?
True
Let l(o) = -2*o**3 + 288*o**2 + 364*o + 215. Is l(139) composite?
False
Suppose -3*s - 14 = -5. Let b(l) be the first derivative of -31*l**4/4 + 5*l**3/3 + 2*l**2 - l + 132. Is b(s) a prime number?
False
Let r = -148952 + 363973. Is r a composite number?
True
Let g(f) = 7*f**2 + f + 49. Suppose 0 = 5*j - 4*l - 43, 0 = 3*j - 0*l + 2*l - 39. Is g(j) a prime number?
True
Suppose 13*d - 35*d + 1745027 = -235787. Is d prime?
False
Let q(d) = -613*d**2 + d - 31. Let y be q(5). Let g = -6686 - y. Is g a prime number?
False
Suppose -2*f + 3*o - 8 = 0, -3*o = 3*f - f - 16. Let p be 1/2 + (321/6 - 3). Let w = p + f. Is w a composite number?
False
Suppose -3*a = -5*a + 3*t + 926314, 0 = 2*a + t - 926314. Is a a composite number?
False
Suppose -18*w = -16*w + 4, -3*o - 2*w = -1095509. Is o a composite number?
True
Suppose -21*x - 17*x + 2919537 = -11*x. Is x a composite number?
False
Let h = 57 + -54. Let i(k) = -85*k**2 - 2*k - 5. Let l(a) = -a**2 + a + 1. Let b(c) = -i(c) - 3*l(c). Is b(h) composite?
True
Let g(a) be the third derivative of -85*a**4/6 - 27*a**3/2 + 55*a**2. Is g(-19) prime?
True
Suppose 17*m - 154423 = 280896. Is m a composite number?
True
Let n(b) = 6*b**3 + b**2 - 1. Let l be n(1). Suppose -l*k = -1143 - 159. Is k a composite number?
True
Let d = -37 - -39. Suppose 3*j + 3*f - 24 = -j, -j - d*f = -11. Suppose -3*z = -4*l - 2893, -2*l = j*z - 0*l - 2905. Is z composite?
False
Is 10 - -11242 - 3 - 0 a prime number?
False
Let i be (248/(-3))/((-2)/(-6)). Suppose -4497 = -97*h + 1905. Let y = h - i. Is y composite?
True
Suppose -2*i - 20 = -3*v, 0 = i - v - 9 + 17. Is (i - -6)*5919/6*1 a prime number?
True
Suppose -78 = -2*u + 15*u. Is u/(-20) - (-42974)/20 prime?
False
Suppose 18*y - 1263634 - 110178 = 96050. Is y a c